
In base 8, what is -14 - 26436?
-26452
In base 16, what is 106f + 2?
1071
In base 5, what is 2 + -13100?
-13043
In base 4, what is 0 + -1332100?
-1332100
In base 15, what is 1a8 - 3c31?
-3a78
In base 15, what is -3ad68 + -2?
-3ad6a
In base 16, what is -5357 + -9?
-5360
In base 9, what is -1 - -44784?
44783
In base 2, what is 1000100100011 + 101101110?
1001010010001
In base 10, what is 5 - -1197?
1202
In base 6, what is -2040 - -521?
-1115
In base 8, what is -72 + 36367?
36275
In base 3, what is 12 + -1120012210?
-1120012121
In base 3, what is 22 + 2102022?
2102121
In base 7, what is -4 - 1301361?
-1301365
In base 15, what is 13 - 27b6?
-27a3
In base 5, what is 22123 - -44243?
121421
In base 6, what is 1320212 + -2?
1320210
In base 13, what is cc + -59?
73
In base 11, what is 2 + -41615?
-41613
In base 14, what is -5110 + 13?
-50db
In base 2, what is 101111010111111001 - -111?
101111011000000000
In base 14, what is -170bb - 4?
-170c1
In base 13, what is -3 - -887a?
8877
In base 12, what is -1441499 + 1?
-1441498
In base 8, what is 453261 + 26?
453307
In base 2, what is 1110001001010000 - 100001?
1110001000101111
In base 10, what is 11 + 35097?
35108
In base 2, what is -1001001101 + -10010100?
-1011100001
In base 4, what is 0 + 101111101?
101111101
In base 16, what is 4 + 5001f?
50023
In base 9, what is 3 + 503145?
503148
In base 4, what is -3202 - 1112?
-10320
In base 8, what is -6550357 - 5?
-6550364
In base 6, what is -15423 + 1?
-15422
In base 7, what is -1635 + 551?
-1054
In base 3, what is -1 + -1210002120222?
-1210002121000
In base 12, what is -3194 - -6?
-318a
In base 15, what is 47 - -5?
4c
In base 15, what is 3 + -10319?
-10316
In base 4, what is -120 - -1300?
1120
In base 5, what is 3 + -120341?
-120333
In base 13, what is -3 - -2068?
2065
In base 5, what is -23100132 - 4?
-23100141
In base 4, what is 13 + 1031132?
1031211
In base 12, what is 3 - -64ab?
64b2
In base 7, what is 10360562 - 2?
10360560
In base 14, what is -a82d8 - 3?
-a82db
In base 4, what is 1130003223 - 0?
1130003223
In base 9, what is 5622 - -1?
5623
In base 10, what is 140208 + 56?
140264
In base 6, what is 22 + 4414?
4440
In base 2, what is 1111100101101100100 + -11?
1111100101101100001
In base 8, what is -100 - 43265?
-43365
In base 16, what is 2d - -60b?
638
In base 9, what is 101855 + -8?
101846
In base 3, what is -221 - -2221100122?
2221022201
In base 12, what is 13655 - 1a?
13637
In base 5, what is -23012 - -34?
-22423
In base 3, what is -1111110 + 0?
-1111110
In base 5, what is 4 + -323124?
-323120
In base 14, what is -1da - 0?
-1da
In base 4, what is 321210211 - -2?
321210213
In base 12, what is 4 + b7661?
b7665
In base 4, what is -1102 - -1211?
103
In base 15, what is -7dc - -1b4?
-628
In base 14, what is -1c - b3?
-d1
In base 11, what is -35 + -1887a?
-18904
In base 7, what is -2202 + -163?
-2365
In base 12, what is 7a + 4a87?
4b45
In base 16, what is -3f + 7b3?
774
In base 6, what is 1025 + -15541?
-14512
In base 7, what is -405425 + 1?
-405424
In base 13, what is -15 + -3490?
-34a5
In base 15, what is 7 - 394a?
-3943
In base 12, what is -10 + b58?
b48
In base 16, what is 0 - -35d52?
35d52
In base 16, what is -159 - -3?
-156
In base 12, what is 2 - -4a748?
4a74a
In base 10, what is 9488 - 9?
9479
In base 16, what is -12377 - -3?
-12374
In base 12, what is -4 + -15206?
-1520a
In base 6, what is 20 - 155523?
-155503
In base 14, what is 3 + d295?
d298
In base 15, what is 3 + -73775?
-73772
In base 12, what is 7 + 1245?
1250
In base 15, what is 1c4 - -14d?
322
In base 4, what is 211111002 - 11?
211110331
In base 15, what is 3 + 36d4?
36d7
In base 15, what is 2591 - -6?
2597
In base 12, what is -3 + a1827?
a1824
In base 13, what is -252 + -56?
-2a8
In base 3, what is -12 - 121110012100?
-121110012112
In base 13, what is -35304 - 4?
-35308
In base 2, what is -111 - -11011000110000011?
11011000101111100
In base 9, what is -44 + -1675?
-1730
In base 6, what is 1 - 4003432?
-4003431
In base 10, what is -24417 - 32?
-24449
In base 4, what is 1002001 - 1332?
1000003
In base 15, what is -5 - 5d0e?
-5d14
In base 10, what is 32 + 137590?
137622
In base 7, what is 254335 - 4?
254331
In base 15, what is -2 - 3bb2?
-3bb4
In base 8, what is -10 + -52033?
-52043
In base 14, what is 107 + -1c9?
-c2
In base 11, what is 2 - -201aa?
20201
In base 14, what is -90d + 8?
-905
In base 5, what is 10301 - 3233?
2013
In base 2, what is -100 + -101110100111110100?
-101110100111111000
In base 3, what is -2000000 + 20?
-1222210
In base 10, what is 474 + -1139?
-665
In base 4, what is -1301011013 - 1?
-1301011020
In base 9, what is -3 - 101874?
-101877
In base 6, what is -11 - 3302?
-3313
In base 15, what is -3592 - 69?
-360b
In base 7, what is -3 + 46122?
46116
In base 9, what is 365 + -28?
336
In base 9, what is -31 + 28617?
28576
In base 16, what is 6813 + a?
681d
In base 2, what is 0 + 100000110100011001011?
100000110100011001011
In base 16, what is 75 - -de?
153
In base 7, what is 1530125 - 15?
1530110
In base 3, what is -2 - 122112110?
-122112112
In base 8, what is -4 + -16343?
-16347
In base 12, what is -23 - -3002?
2b9b
In base 8, what is 2 - 20326?
-20324
In base 2, what is -1 + -111001111000?
-111001111001
In base 9, what is 1 - -10581?
10582
In base 4, what is -20210 + 23?
-20121
In base 8, what is -141 - -437?
276
In base 15, what is -b - -1c859?
1c84d
In base 4, what is 131 + 100012?
100203
In base 3, what is 222 - 12212021?
-12211022
In base 12, what is -212 - 2785?
-2997
In base 15, what is -a3987 - 1?
-a3988
In base 5, what is 302 - 13332?
-13030
In base 7, what is 402616 - 5?
402611
In base 7, what is -3346311 - -3?
-3346305
In base 6, what is -4233 - -253?
-3540
In base 11, what is -2800 + 22?
-2789
In base 14, what is cd489 - 4?
cd485
In base 5, what is -1202 + -221043?
-222300
In base 5, what is 0 + -1023000?
-1023000
In base 3, what is -121020 + -200012?
-1021102
In base 14, what is 4 + 73da?
7400
In base 7, what is 236522 - -1?
236523
In base 3, what is -20222212 + 22012?
-20200200
In base 12, what is 124 - 261?
-139
In base 13, what is 5 + 5001?
5006
In base 8, what is -516 - 101?
-617
In base 9, what is -1068246 - 0?
-1068246
In base 12, what is 4966 - -58?
4a02
In base 9, what is -32 + -1138?
-1171
In base 12, what is 6 - -14b1?
14b7
In base 8, what is -10321 + 261?
-10040
In base 16, what is -3 - -196?
193
In base 7, what is -2526565 + -3?
-2526601
In base 9, what is 25771 - -14?
25785
In base 15, what is -1667 - -8c?
-15ca
In base 6, what is 51 + -530344?
-530253
In base 3, what is -101102220100 - 2?
-101102220102
In base 11, what is 140 - 155?
-15
In base 12, what is 5 + -284a9?
-284a4
In base 8, what is 1 - -277374?
277375
In base 9, what is 18537 + 36?
18574
In base 15, what is 70 + -7b?
-b
In base 16, what is bcb - 7a?
b51
In base 7, what is -3 + -443663?
-443666
In base 5, what is -100434 + -2?
-100441
In base 7, what is 5166 + -56?
5110
In base 9, what is -5173 + 36?
-5136
In base 6, what is -33200 + -4?
-33204
In base 6, what is -241 + -213430?
-214111
In base 4, what is -11212002 + -100?
-11212102
In base 12, what is -5 - a7b26?
-a7b2b
In base 15, what is -29eb - 5?
-2a01
In base 5, what is 4 - -110000040?
110000044
In base 5, what is -313 + 2302?
1434
In base 10, what is 116 - 315?
-199
In base 7, what is 265 + -3021?
-2423
In base 5, what is 3244 + 13?
3312
In base 11, what is -144240 - 5?
-144245
In base 14, what is -5 - -33485?
33480
In base 8, what is 153 - -1147?
1322
In base 14, what is ac7 - -51?
b38
In base 9, what is -1435 - 103?
-1538
In base 2, what is 11010011100 + 1010001?
11011101101
In base 4, what is 2212 + -211230?
-203012
In base 14, what is 396cb + -17?
396b4
In base 5, what is -12231311 + 31?
-12231230
In base 14, what is 10aa - 18?
1092
In base 12, what is 276 + -9?
269
In base 3, what is -100102 - 1020?
-101122
In base 12, what is 2481 + -11?
2470
In base 14, what is 4b + 3da?
447
In base 4, what is -1 - 2011211020?
-2011211021
In base 8, what is -1554 + 10?
-1544
In base 8, what is 0 + 14232?
14232
In base 11, what is -4 - -58431?
58428
In base 12, what is -14 + -71844?
-71858
In base 12, what is -4 + 64508?
64504
In base 14, what is 312 - 1066?
-b54
In base 11, what is -4587775 - 3?
-4587778
In base 15, what is cc - -157?
23